- 4*x - 19, 0 = -5*w + 4*x + j. What is the remainder when 26 is divided by (w/3)/(6/(-81))?
8
Let d be 1 + 4/(-8)*2. Suppose d*g - 2*g + 12 = 0. Calculate the remainder when 27 is divided by g.
3
Suppose 4*r - 82 = -3*w, 0*r + 3*r = 4*w - 76. What is the remainder when 107 is divided by w?
19
Let p(h) = -h + 1. Let a be p(-1). What is the remainder when a*4/(0 + 2) is divided by 2?
0
Let w = 4 - -14. Suppose -j = -1 + 4. Calculate the remainder when 17 is divided by 2*j/(-12)*w.
8
Suppose -f = -5 - 7. Calculate the remainder when (-1540)/40*(-8)/14 is divided by f.
10
Let o(j) = -j**3 + 13*j**2 + 16*j + 14. Let w = -1 + 23. Calculate the remainder when o(14) is divided by w.
20
Let s be 11/33 + 112/6. Let h = s + 5. Calculate the remainder when 94 is divided by h.
22
Suppose 4 - 1 = g. Let t = g + 0. Let x = -7 - -11. What is the remainder when x is divided by t?
1
What is the remainder when (-12)/30*70/(-4) is divided by 2?
1
Suppose -5*u + 17*u = -12. Suppose -14 = -2*a + 16. Calculate the remainder when a + (3 - (u + 1)) is divided by 5.
3
Let n = 32 + -8. Suppose -9*g + 42 = -39. What is the remainder when n is divided by g?
6
Let l = -17 - -27. Suppose 3*z = 8*z, -z - 108 = -4*x. What is the remainder when x is divided by l?
7
Let y be (18 + 8)/(2/1). Suppose 4*m - 64 = -3*b, -b - 5*m = -y - 23. Let u = -45 - -75. Calculate the remainder when u is divided by b.
14
Let v(k) = k**2 + 7*k + 5. Suppose -5*o = -2*m - 184, 143 = -o + 5*o - 3*m. What is the remainder when o is divided by v(-8)?
12
Let c = 117 + -74. Let b = -56 - -25. Let s = b + c. Calculate the remainder when s is divided by 7.
5
Let s(h) = -4*h - 11 + 7 + 3. Calculate the remainder when 31 is divided by s(-3).
9
Let w(t) = -t**3 - 7*t**2 - 8*t. What is the remainder when w(-6) is divided by 3?
0
Suppose 2*o = 3*w - 62, 8 = 3*w + o - 51. What is the remainder when w is divided by 5/(15/24) - 1?
6
Suppose -2*j - j + 78 = 0. Let y be j/4 + 1/(-2). Suppose 10 = 2*w - y. What is the remainder when w is divided by 5?
3
Let o be 2/4 + 3/2. Suppose 2 = 2*d - o*u - 6, 3*d + u = -4. Suppose d = 2*c - c - 16. Calculate the remainder when 46 is divided by c.
14
Let o = 38 - 19. Calculate the remainder when o is divided by 5.
4
Suppose -26*h + 29*h - 372 = 0. What is the remainder when h is divided by 14?
12
Suppose 0 = -4*z + 47 + 25. Calculate the remainder when 70 is divided by z.
16
Let d(v) = -v**3 - 2*v**2 + v + 1. Calculate the remainder when 41 is divided by d(-3).
6
Let k(d) = 13*d**3 + 19*d**2 + 16*d + 11. Let f(c) = 3*c**3 + 5*c**2 + 4*c + 3. Let r(n) = 9*f(n) - 2*k(n). What is the remainder when r(-6) is divided by 6?
5
Let y(x) = 3*x + 1. Let g = -17 - -24. Calculate the remainder when y(g) is divided by 6.
4
Suppose 2*p = 1 - 3. Suppose -5*z = -3 - 2. What is the remainder when 15 is divided by z - p - 2*-3?
7
Let z = -5 - -2. What is the remainder when 18*(z - 88/(-12)) is divided by 27?
24
Let f = 181 - 80. Calculate the remainder when f is divided by 13.
10
What is the remainder when 15 is divided by (-1 - -1) + 7 + 1?
7
Let q = -13 + 18. Suppose 0 = -5*t - l + 4*l + 8, q*t + 3*l - 32 = 0. Calculate the remainder when 14 is divided by t.
2
Suppose -4*y + 0*y + 113 = 3*w, 3*w = 2*y - 61. Calculate the remainder when y is divided by 10.
9
Let h(q) = q + 12. Suppose 0 = -5*i - 8 + 3. Let a be (-2 + 2)/(1 - i). What is the remainder when 23 is divided by h(a)?
11
Suppose 5*d + 0*a - 184 = a, -5*a + 5 = 0. What is the remainder when d is divided by 13?
11
Suppose -2*q = -18 - 40. Let v = -19 + q. What is the remainder when 18 is divided by v?
8
Let q(v) = -v**3 - v**2 - 3*v + 2. Suppose -4*h = 5*k - 5*h - 49, -38 = -4*k + 2*h. Calculate the remainder when q(-3) is divided by k.
9
Suppose 0 = o + 2*o - 33. Suppose 4*w = -5*s - 134 + o, -5*w + 5*s = 120. Let a = w - -46. Calculate the remainder when a is divided by 10.
9
Suppose 4*t + 88 = -192. Let m = t - -145. Calculate the remainder when m is divided by 26.
23
Let g = -18 - -27. What is the remainder when 7 is divided by -3 + (-3 - 0) + g?
1
Suppose 3 + 2 = x. Let l = -9 - -19. Let i = l - 7. What is the remainder when x is divided by i?
2
Suppose -3*f = 3 - 9. Suppose -f*a - 1 = -17. Suppose 2*i - 22 = a. Calculate the remainder when i is divided by 8.
7
Suppose 5*f - 859 = -2*l - 7, 5*l - 2088 = -2*f. Suppose -170 + l = 3*h. What is the remainder when h is divided by 21?
19
Let o(i) = -i**2 - i. Let j(l) = -4*l**2 - 11*l + 8. Let c(r) = -j(r) + 2*o(r). Calculate the remainder when 16 is divided by c(-6).
6
Suppose 2*v + 3*i = v, 0 = -v - 5*i - 8. Let p(y) = 7*y + 1. Calculate the remainder when p(3) is divided by v.
10
Suppose 0 = 2*k - 12 - 80. Let r(h) = 3*h**2 + 3*h - 2. Let z(g) = g**2 - g - 3. Let b be z(0). What is the remainder when k is divided by r(b)?
14
Let o = -6 - -13. Suppose x = -u + o, 6*x + 85 = 5*u + x. Calculate the remainder when 35 is divided by u.
11
Suppose 5*t = 2*w + 7 - 50, 0 = 3*t - 3. Suppose -j = j - w. Calculate the remainder when 16 is divided by (j/(-8))/((-2)/12).
7
Suppose -4*p + 5*h + 14 = 0, 4*p - 5*h + 4*h = 22. Calculate the remainder when p is divided by 4.
2
Let k(v) = 15*v**2 - 2*v - 2. What is the remainder when 72 is divided by k(-1)?
12
Suppose -4*o - 19 = -155. Calculate the remainder when o is divided by (-21)/14*(2 - 8).
7
Suppose -3*x = 3*j - 6, 0*j + 5*x + 22 = 3*j. Let m = 5 + j. Let d = 14 - -1. What is the remainder when d is divided by m?
6
Let x be ((-68)/10)/((-4)/80). Suppose 0 = 4*u - m - x, -6*m = -5*u - m + 170. Let l = -10 - -22. What is the remainder when u is divided by l?
10
Let q = -68 - -95. What is the remainder when 133 is divided by q?
25
Let o = -6 - -98. What is the remainder when o is divided by 31?
30
Let x(f) = f**2 - 2*f - 7. Let z be x(7). Suppose 2*w = -2*u + z, -7*u + w = -2*u - 88. Let j = -51 + 100. Calculate the remainder when j is divided by u.
15
Let n = 4 - -1. Let s(o) = 7*o - 52. What is the remainder when n is divided by s(8)?
1
Calculate the remainder when 19 is divided by (-2 - 12)*(-3)/6.
5
Suppose -3*i = 2*i - 35. Suppose -8*t + i*t = -35. Calculate the remainder when t is divided by 19.
16
Let v(x) = 2*x + 9. Let g be v(-6). Let s = g - -11. Suppose f + f - 3*c - 26 = 0, 4*c = -s. What is the remainder when 18 is divided by f?
8
Suppose 0 = 2*n - 19 - 5. Calculate the remainder when 20 is divided by n.
8
Let c(q) = 2*q**2 - 2*q - 1. Let z = 2 + 1. Let w = z - -2. Calculate the remainder when w is divided by c(-1).
2
Suppose 0 = -d - 4 - 1. Let f(l) = -l**3 - 4*l**2 + 3*l. Calculate the remainder when 19 is divided by f(d).
9
Suppose 0 = -3*m - 3*k + 60, 2*m - 2*k - 3*k - 12 = 0. What is the remainder when m is divided by 5?
1
Let n(c) = -c**2 + 10*c. Let x be n(10). Suppose z - 3 = -6, -s - 5*z + 52 = x. What is the remainder when s is divided by 17?
16
Suppose -o + 4*s + 58 = 10, 3*s + 166 = 4*o. What is the remainder when 157 is divided by o?
37
Suppose -22 = -4*g + 2*g. Suppose -5*w - o + g = -4, 2*w = -5*o + 29. Calculate the remainder when w is divided by 1.
0
Let f = -33 - -61. Calculate the remainder when 109 is divided by f.
25
Let x = 219 + -210. Let s(k) = -25*k**3 - k**2 - 2*k - 1. Calculate the remainder when s(-1) is divided by x.
7
Let a(h) = h**2 + 4*h + 5. Let m be a(-4). Let t = -1 + m. Suppose 3*x - 2*s - 115 = 0, -41 = -2*x - t*s + 9. Calculate the remainder when x is divided by 18.
17
Let v(w) = 29*w**3 - w**2 - 1. Let g = 7 + 3. Calculate the remainder when v(1) is divided by g.
7
Let x = 24 - 24. Suppose 3*c - 440 = -3*t - 2*c, 5*t - c = 780. Suppose -5*q + x*q = -t. What is the remainder when q is divided by 11?
9
Suppose -f + 5*i = -229 + 55, 0 = 3*f - 4*i - 544. Suppose 2*a - f = -2*a. Calculate the remainder when a is divided by 24.
22
Let l(s) = -4*s - 2. Calculate the remainder when 29 is divided by l(-2).
5
Suppose 5*q = -1 + 26. What is the remainder when q is divided by (-6)/(-1)*(-4)/(-12)?
1
Suppose 0 = -5*n - 8 + 43. Suppose 2*p + 15 = 55. Calculate the remainder when p is divided by n.
6
Let r = -27 - -38. Calculate the remainder when 30 is divided by r.
8
Let i(g) = g + 1. Let r(k) = -4*k - 1. Let u(p) = -2*i(p) - r(p). Let m = 7 + -5. Calculate the remainder when u(m) is divided by 2.
1
Let 